3 - q. Is 14 a factor of s?
False
Suppose 5*l - 72 = 2*l. Is l a multiple of 12?
True
Let f be 2 + (-4 - -1) + 5. Suppose 285 - 57 = f*x. Is 22 a factor of x?
False
Let m(z) = 26*z - 8. Does 14 divide m(3)?
True
Suppose -5*y = -5*x - 5, -1 = -3*x + 5*y - 10. Suppose -3*r + 25 = 3*a + 1, -56 = -4*a + x*r. Does 4 divide a?
True
Suppose -6 = -n - n. Let o(d) = 5*d. Is o(n) a multiple of 12?
False
Let f(d) = d + 7. Let v be f(-5). Suppose 4*y = v*y + 4. Suppose k = 6*k - y*n - 129, -2*k + 2*n + 54 = 0. Does 14 divide k?
False
Suppose 3*g = w + 64, 0 = 2*w - g + 11 + 107. Let h = w - -83. Suppose 0 = -3*c - h + 73. Does 12 divide c?
False
Let g(n) = n**3 + 2*n**2 + 2*n + 3. Let v be g(-2). Does 15 divide (-123)/(-6) - v/2?
False
Let a(z) = z**3 - z**2 + 2*z + 12. Let c be (-1 - 3/(-6))*0. Is a(c) a multiple of 4?
True
Suppose n - 5*g + 22 = 3, 0 = 4*g - 12. Let q(d) = 2*d**2 - 2*d - 5. Let j be q(n). Suppose 30 + j = 5*m. Is 12 a factor of m?
False
Suppose 3*s + 42 + 84 = 4*b, -80 = -3*b - 5*s. Does 7 divide b?
False
Suppose 4*f - 696 = h, -3*f - 4*h + 522 = -0*f. Does 14 divide f?
False
Suppose 2*k + 375 = -5*l, 3*k = -4*l - 200 - 107. Let i = -30 - l. Suppose -4*r + 13 = -p + 4*p, 0 = -3*p + 2*r + i. Is p a multiple of 4?
False
Suppose d + 8 = 15. Is 12 a factor of d/((-35)/(-6))*30?
True
Suppose -9 = 3*q + n, 2*n - 7*n = -5*q + 5. Let g(b) = -5*b**3 + 2*b. Does 19 divide g(q)?
False
Let a = 6 - -59. Let b be 30*(-1 - (-15)/6). Let i = a - b. Is 8 a factor of i?
False
Let i(w) = 3*w**2 - w + 2. Let y(j) = j**3 + 3*j**2 - 3*j + 2. Let z be y(-4). Is 8 a factor of i(z)?
True
Let l = 20 - 14. Suppose 2*p = -0*p + 4*t - l, -4*t - 3 = -5*p. Suppose -m + p*m + 4*g - 6 = 0, 0 = 2*m + 3*g - 10. Is 4 a factor of m?
False
Let l = 30 + 18. Does 10 divide l?
False
Suppose 4*a + 278 - 1238 = 0. Suppose v - 4*t - a = -4*v, -4*t = -3*v + 152. Is 17 a factor of v?
False
Let q(w) = -w**3 - w**2 + 5*w + 2. Let o be q(-3). Is 27/(3/(o + -2)) a multiple of 13?
False
Suppose -3 - 1 = -2*s. Let z(h) = 2*h - 8. Let i be z(6). Suppose 0*g - i*q - 48 = -4*g, 0 = 4*g - s*q - 44. Is 10 a factor of g?
True
Suppose 0 = -3*u + i + 11, 0*u - 5*i + 1 = -u. Let l be (2 + u)*3/(-2). Let n = 32 + l. Is n a multiple of 10?
False
Suppose 5*u + 5*a - 155 = 0, 2*u = u - 5*a + 19. Is 7 a factor of u?
False
Let y be (40/(-3))/(2/6). Let n = -8 - y. Is n a multiple of 16?
True
Let b be 11 + (2 + -3)*-3. Suppose -4*k + 6 = -b. Is k a multiple of 4?
False
Is 1/4*(-2676)/(-3) a multiple of 14?
False
Let l be (2 + 3)*4/10. Is ((-28)/(-20) - l)*-10 a multiple of 6?
True
Suppose 0 = 3*r - 6*r + 15. Does 3 divide r?
False
Let z(b) = 3*b**2 - 1. Is z(-1) even?
True
Suppose -3*d - 45 = -129. Is 2 a factor of d?
True
Let a be (-1)/(1 - (-176)/(-180)). Does 11 divide (-27)/a*(54 - -1)?
True
Suppose 6*d + 217 - 745 = 0. Is 22 a factor of d?
True
Let w = 711 + -488. Suppose -f - c + 47 = 0, 0*c - c = 5*f - w. Does 11 divide f?
True
Let l = 524 - 268. Is 32 a factor of l?
True
Let p = 31 + 17. Is 3/(p/100)*8 a multiple of 17?
False
Let u = -9 + 26. Let a be 6 - 3/(6/4). Suppose 3*x - u = -5*t, -a*x = -4*t + 18 + 2. Is t a multiple of 3?
False
Suppose -3*f + 242 = -2*b, -2*f = -3*b - 5*f - 333. Let c = b + 403. Does 10 divide (-2)/7 - c/(-28)?
True
Suppose -66 = 3*s - 6. Is 12 a factor of 8/s - (-404)/10?
False
Let u(s) = -s**2 - 8*s - 3. Let a be (15 + -8)/(2/(-2)). Is 4 a factor of u(a)?
True
Is 3 a factor of -3*(4/(-2) - -1)?
True
Let p(k) = -k**3 + k**2 + 2*k - 1. Let j be p(2). Let a = 1 + j. Suppose a = -2*s + 3 + 9. Is 3 a factor of s?
True
Let i(l) = l**3 + l**2 - 2*l + 12. Is i(5) a multiple of 35?
False
Let p(x) = -2*x + 4. Suppose -9 + 23 = -2*q. Is 5 a factor of p(q)?
False
Suppose 8*u - 3996 = 5*u. Is (-1)/(-4) - u/(-48) a multiple of 9?
False
Let o(f) = 4*f - 6. Suppose -5*r - 17 - 18 = -5*t, -t - 3*r - 1 = 0. Is o(t) a multiple of 7?
True
Let s(x) = -47*x + 24. Does 36 divide s(-4)?
False
Let d be 1/1*(7 - 4). Let p = 30 + -12. Is p + d/3 + -3 a multiple of 16?
True
Let m(p) = 17*p**2 - p - 1. Let j be m(-1). Let k = 2 + j. Is k a multiple of 19?
True
Let y(w) = -2*w**2 + 34*w - 9. Does 3 divide y(16)?
False
Let o(x) = -x**2 - 3*x + 2. Let t be o(-3). Let q be 2 + t + -3 + -4. Does 3 divide 7 - 1/(-3)*q?
True
Let m = 119 + -255. Is 34 a factor of (m/12)/(-1)*9?
True
Suppose -h + 1017 = -s, 0 = 4*s - 4*h + h + 4067. Suppose -2*k = 3*d + 2, d - 3*k = -12 + 4. Does 12 divide d/7 + s/(-28)?
True
Let l = 34 + 0. Does 17 divide l?
True
Let h = -152 + 189. Does 3 divide h?
False
Suppose 6 + 0 = y. Suppose -s = -r - y, -s + 5*r = s. Does 5 divide s?
True
Suppose 6*d - 8*d = 106. Let j = -25 - d. Does 14 divide j?
True
Let a be (2 - -2)/(1 - 0). Suppose 2*l + 12 + 2 = i, 45 = a*i + 3*l. Is i a multiple of 12?
True
Suppose -3*q - 3*c + 7*c = -40, -5*c + 26 = q. Let r(p) = p + 7. Let o be r(-5). Suppose 0 = o*m - 6 - q. Is m a multiple of 3?
False
Let d(v) = -5*v. Let n be d(-2). Is 1/5 - (-328)/n a multiple of 15?
False
Let x be (0/(-3))/(4/(-2)). Suppose -1 = -u + 50. Suppose x = -5*y + 54 + u. Is 13 a factor of y?
False
Suppose -n - 3*k - 5 = 0, 5*n + 2*k = 18 - 4. Suppose 4*i - 2*j = -n, -4*i - 8 = -6*j + 2*j. Suppose -5*f - 10 + 25 = i. Is f a multiple of 3?
True
Suppose 275 = 3*x + 2*x. Let w = x - 19. Is w a multiple of 18?
True
Let m(i) = 2*i**2 - 9*i + 6*i + 2*i + 3*i. Let b be 4/(-6) + (-4)/3. Does 2 divide m(b)?
True
Let v = -36 - -92. Suppose 86 = 2*t + 5*z, z - v = -t + 5*z. Is t a multiple of 16?
True
Let c(z) = -2*z - 1. Let y be c(-2). Suppose 16 = -y*t + 1. Is (17/3)/(t/(-30)) a multiple of 14?
False
Let n(o) = o**2 - 7*o + 12. Does 4 divide n(7)?
True
Does 22 divide 305/(-3)*(11 + -14)?
False
Is (-4)/4 - -1*59 a multiple of 2?
True
Let v be ((-3)/3)/(-3)*15. Suppose -4*z + 2 = v*q - 9, 3*z - 32 = q. Is z a multiple of 4?
False
Let m(w) = -w**3 - w**2 + w + 1. Let j be (2/(-3))/(2/9). Is 8 a factor of m(j)?
True
Let w(b) = b**3 + 5*b**2 + 2*b - 4. Does 3 divide w(-4)?
False
Let u = 3 - -1. Let w be u - 3 - (-11 - 0). Suppose 5*i - 18 - w = 0. Is 3 a factor of i?
True
Suppose 0 = 2*q - 4, q + 108 = i + i. Does 11 divide i?
True
Suppose -14 = -4*k - 6. Suppose -2*z - 7 = z - 4*f, -k*f = 3*z + 37. Is (-1)/3 + (-48)/z a multiple of 2?
False
Let w(p) = 2*p**2 + 5. Suppose 16 = -3*j + 4. Let l be w(j). Let o = -16 + l. Is 9 a factor of o?
False
Let q = -2 + 33. Is q a multiple of 31?
True
Suppose 0 = -4*r + 7*r - 351. Does 22 divide r?
False
Let m(o) = -13*o - 3. Suppose -3*t + 4*v - 11 = 9, -4*t = v + 14. Is 13 a factor of m(t)?
False
Suppose 3*o = 2*s + 11, -3*o + 4*o = -4*s + 27. Let p(w) = -w**3 + 8*w**2 + 6. Does 21 divide p(o)?
False
Let i(p) = -p + 2. Let z be i(5). Let s(o) = -9*o + 4. Let u be s(z). Suppose -2*j - 34 = -5*w + u, -5*j = 0. Does 4 divide w?
False
Let a = -12 - -37. Does 5 divide a?
True
Suppose -2*v + 2*u = 2 - 4, -5*u + 35 = 5*v. Suppose 0*w + w - 3*h = 33, 168 = v*w - 3*h. Is w a multiple of 15?
True
Let v(x) = 4*x - 2. Let c(g) be the third derivative of -5*g**4/6 + 3*g**3/2 + 2*g**2. Let f(j) = 2*c(j) + 11*v(j). Is f(4) a multiple of 12?
True
Suppose 0*p - 5*p + 5*t + 60 = 0, -5*p = -4*t - 64. Does 11 divide p?
False
Suppose 0 = 2*b + 58 - 180. Does 13 divide b?
False
Suppose -y = -2*k - 20, -4*k - 38 = -3*y + 14. Is 3 a factor of y?
True
Let m be (-1)/(-3 - (-10)/4). Suppose 0 = m*c - 2*f - 4, 0 = 5*c + 3*f - 38 - 12. Does 2 divide c?
False
Let k(h) = -3*h**3 + 3*h + 2. Is 5 a factor of k(-2)?
True
Suppose 4*j + 39 = 123. Is j a multiple of 11?
False
Suppose -18 = -5*v + 4*n, -3*v = -3*n - 2*n - 3. Suppose -6*s = -24 + v. Is 2 a factor of s?
False
Suppose h + f + 33 + 2 = 0, -4*f = h + 32. Is (-170)/(-6) + (-24)/h a multiple of 10?
False
Let s(b) = 3*b + 1. Let r be s(1). Suppose r*u + 90 = 294. Is 17 a factor of u?
True
Let d be (2/3)/(2/9). Suppose -q + 36 = d*q. Is q a multiple of 9?
True
Let t be (-1)/(-2 - 62/(-30)). Let m = -3 - t. Is 16/m*(-15)/(-2) a multiple of 4?
False
Let w(t) = t + 104. Let v be (0/(6 - 3))/3. Is w(v) a multiple of 28?
False
Let x(q) = -q**2 + q - 8. Let n be x(0). Let h(y) = y**3 + 9*y**2 + 4*y - 10. Does 22 divide h(n)?
True
Let k(i) = -i + 3*i - 5*i + 6. Let s be k(-5). Is 1 + s*(2 - 1) a multiple of 8?
False
Let u = -8 - 